f(p) = -p + 47. Calculate f(13).
34
Let d(q) = q**2 + 747*q + 13149. What is d(-18)?
27
Let u(y) = -649*y + 92165. Give u(142).
7
Let y(z) = 31*z + 1177. Determine y(-38).
-1
Let j(s) = -2*s**2 - 47*s - 272. Determine j(-5).
-87
Let w(d) = -378*d + 3419. Calculate w(9).
17
Let g(x) = -x**3 + 52*x**2 - 89*x - 558. Determine g(50).
-8
Let k(p) = 4*p**2 + 5*p + 57. Determine k(10).
507
Let w(m) = -m**3 - 23*m**2 + 109*m + 54. Give w(-27).
27
Let r(h) = 40*h + 372. Give r(-10).
-28
Let z(p) = 5*p**2 - 28*p + 26. Determine z(4).
-6
Let r(t) = t**3 - 30*t**2 - 515*t - 1473. Calculate r(-9).
3
Let d(j) = j**3 - 27*j**2 - 63*j - 16. Give d(-2).
-6
Let v(t) = -5*t**3 - 4*t**2 - 31*t - 75. What is v(-3)?
117
Let d(j) = 358*j**2 - 1421*j. What is d(4)?
44
Let i(w) = w**3 + 23*w**2 + 2*w + 110. Give i(-23).
64
Let a(g) = g**2 + 111*g - 948. Calculate a(8).
4
Let a(f) = -23*f + 489. Determine a(30).
-201
Let a(l) = -4*l**3 + l**2 + 23*l - 40. Give a(2).
-22
Let h(w) = -w**3 + 22*w**2 - 85*w - 22. What is h(12)?
398
Let b(d) = -d**2 - 42*d - 399. Determine b(-24).
33
Let h(u) = -35*u + 201. Give h(30).
-849
Let d(i) = -i**2 - 52*i - 640. Calculate d(-24).
32
Let o(s) = 113*s - 6101. What is o(54)?
1
Let u(i) = -4*i**2 - 79*i + 163. Give u(2).
-11
Let v(n) = 96*n + 1351. What is v(-14)?
7
Let u(g) = g**3 - 12*g**2 + 9*g + 21. Determine u(3).
-33
Let p(v) = -54*v - 602. Calculate p(-11).
-8
Let m(i) = 6*i**2 - 33*i + 52. Give m(3).
7
Let z(m) = -10*m**2 + 16*m + 45. Calculate z(3).
3
Let l(h) = h**2 + 422*h + 38437. Calculate l(-289).
0
Let s(q) = 703*q - 3505. What is s(5)?
10
Let b(y) = 4*y**3 + 4*y**2 + y + 5. Calculate b(-3).
-70
Let r(h) = -561*h - 18596. Determine r(-33).
-83
Let y(w) = -3*w**3 + 254*w**2 - 171*w + 250. Calculate y(84).
-2
Let z(p) = 3*p**2 - 173*p + 38. Give z(57).
-76
Let s(a) = -100*a - 3387. Give s(-34).
13
Let d(g) = 1651*g + 10048. Determine d(-6).
142
Let h(i) = i**3 - 23*i**2 + 58*i + 43. What is h(21)?
379
Let o(p) = 6*p**3 - 18*p**2 + 11*p - 2. Determine o(3).
31
Let m(a) = -2*a**2 + 31*a + 48. Give m(16).
32
Let g(d) = -282*d + 5641. Determine g(20).
1
Let g(b) = -18*b - 296. What is g(-14)?
-44
Let w(t) = -2*t**3 + 10*t**2 + 66*t + 1. Calculate w(-6).
397
Let g(c) = -c**2 - 15688*c - 109769. Give g(-7).
-2
Let s(y) = 2*y**3 - 6*y**2 - 568*y + 1717. What is s(3)?
13
Let n(h) = h**2 - 131*h - 2535. What is n(-21)?
657
Let c(u) = 2*u**2 - u - 153. Determine c(13).
172
Let w(p) = 2*p**2 - 90*p - 3915. What is w(72)?
-27
Let f(x) = 2*x**2 + 36*x + 101. What is f(-18)?
101
Let n(w) = w + 3. What is n(0)?
3
Let j(g) = -3*g**2 + 14*g + 737. Determine j(18).
17
Let o(d) = 20*d**2 + 79*d + 81. What is o(-1)?
22
Let d(o) = 4*o**3 + 2*o**2 + 18*o - 38. What is d(2)?
38
Let w(u) = -u**2 + 90*u - 595. Calculate w(83).
-14
Let w(p) = 12*p + 421. Give w(-35).
1
Let p(q) = -386*q + 5011. Determine p(13).
-7
Let k(v) = -1102*v + 42985. Calculate k(39).
7
Let v(u) = 4*u**3 - 250*u**2 - 125*u - 126. Determine v(63).
-63
Let j(y) = 7*y**2 + 122*y - 19. What is j(-18)?
53
Let p(k) = -2*k**3 + 32*k**2 + 119*k - 67. What is p(19)?
28
Let u(z) = -2*z**3 + 28*z**2 + 18*z - 16. Give u(15).
-196
Let p(g) = 85*g + 184. What is p(-4)?
-156
Let t(j) = 18*j**3 + 12*j**2 + 24*j + 13. Give t(-1).
-17
Let s(c) = 550*c - 3889. What is s(7)?
-39
Let g(u) = 2*u**3 - 12*u**2 + 2*u - 22. Calculate g(6).
-10
Let m(b) = -2*b**3 - 40*b**2 + 37*b - 114. Calculate m(-21).
-9
Let a(l) = -l**2 + 11*l + 68. Give a(16).
-12
Let v(o) = -13*o**2 - 1069*o + 4214. Give v(-86).
0
Let g(n) = 3*n**3 - 18*n**2 - 10*n - 25. Give g(6).
-85
Let y(m) = 4*m**3 + 75*m**2 + 62*m + 60. Calculate y(-18).
-84
Let p(b) = -b**3 + 10*b**2 - 34*b + 1. What is p(7)?
-90
Let h(a) = -19*a + 1151. Calculate h(46).
277
Let y(x) = -5*x**2 + 165*x - 712. Determine y(28).
-12
Let j(o) = 2*o**3 + 30*o**2 - 36*o - 63. Determine j(-16).
1
Let z(o) = -669*o - 25412. What is z(-38)?
10
Let b(t) = 89*t + 782. What is b(-9)?
-19
Let h(n) = -n**2 + 13*n + 8. Calculate h(19).
-106
Let j(g) = -2*g**3 + 86*g**2 + 105*g - 753. Calculate j(44).
-5
Let t(u) = -u**3 - 105*u**2 + 915*u - 19. Calculate t(8).
69
Let p(d) = -237*d - 477. Determine p(-2).
-3
Let q(i) = -4*i**2 - 14*i + 125. Give q(4).
5
Let s(j) = 461*j - 32248. Determine s(70).
22
Let y(t) = -t**3 - 17*t**2 - 33*t - 2. What is y(-15)?
43
Let v(w) = 8*w + 237. Calculate v(-31).
-11
Let h(p) = -p**2 + 54*p - 440. Give h(53).
-387
Let l(i) = -i**3 - 30*i**2 - 120*i + 122. What is l(-25)?
-3
Let y(h) = 497*h - 8454. What is y(17)?
-5
Let b(k) = 44*k + 1563. Calculate b(-34).
67
Let h(k) = -3*k**2 + 2*k - 69. Determine h(0).
-69
Let y(t) = -33*t - 817. Determine y(-24).
-25
Let l(y) = -y**3 - 10*y**2 - 3824*y - 46184. Determine l(-12).
-8
Let h(q) = 243*q - 35996. Calculate h(148).
-32
Let y(v) = 253*v - 6587. Calculate y(26).
-9
Let s(q) = q**3 - 2*q**2 - 2. Give s(5).
73
Let g(w) = 1720*w + 6827. What is g(-4)?
-53
Let r(o) = -5*o**3 + 17*o**2 - 17*o + 106. Calculate r(4).
-10
Let f(k) = 2*k**2 - 50*k + 25. Give f(16).
-263
Let u(o) = -4*o**3 + 129*o**2 - 40*o + 264. Calculate u(32).
8
Let c(w) = -102*w**3 + 39*w**2 + 9*w + 8. Calculate c(-1).
140
Let d(q) = -q**3 + 2*q**2 + 29*q + 55. Determine d(7).
13
Let r(z) = -18*z - 58. What is r(-15)?
212
Let v(y) = -87*y + 265. Give v(3).
4
Let f(m) = 11*m**2 + 128*m - 11. Calculate f(-11).
-88
Let h(t) = 48*t - 30. Determine h(8).
354
Let x(c) = 4*c**2 - 65*c + 31. Determine x(15).
-44
Let j(f) = -f**3 - 32*f**2 - 240*f - 41. Calculate j(-15).
-266
Let w(s) = 4*s**3 + 93*s**2 + 15*s - 139. What is w(-23)?
45
Let g(h) = 9*h**2 - 48*h - 43. What is g(6)?
-7
Let n(w) = 12*w**2 - 3*w + 11. Give n(5).
296
Let w(i) = 58*i - 3253. Determine w(56).
-5
Let m(n) = -22*n - 3. Calculate m(2).
-47
Let z(c) = -26*c - 591. Calculate z(-22).
-19
Let t(l) = -2*l**2 + 193*l + 1215. Calculate t(-6).
-15
Let b(a) = -244*a - 726. Give b(-3).
6
Let b(v) = -25*v**2 + 292*v + 98. Calculate b(12).
2
Let h(u) = u**3 + 47*u**2 + 168*u - 5. Determine h(-4).
11
Let c(g) = -1263*g + 6391. Calculate c(5).
76
Let m(v) = 20*v**3 + 5*v**2 + 5*v - 11. What is m(-3)?
-521
Let h(i) = 6691*i - 33462. Determine h(5).
-7
Let t(s) = -53*s - 1332. Calculate t(-24).
-60
Let t(i) = -1010*i - 6285. Calculate t(-6).
-225
Let r(z) = z**3 - 8*z**2 - 19*z + 5. What is r(9)?
-85
Let r(t) = -68*t + 140. Determine r(1).
72
Let x(h) = -3*h**3 - 102*h**2 - 8*h - 298. Give x(-34).
-26
Let c(o) = o**3 + 54*o**2 + 158*o - 291. Determine c(-51).
-546
Let h(r) = 2*r**3 - 19*r**2 - 6*r - 37. Calculate h(10).
3
Let r(j) = -2*j**2 - 5*j - 20. What is r(-4)?
-32
Let a(k) = 336*k + 19078. What is a(-57)?
-74
Let n(j) = -12*j - 3. Give n(-2).
21
Let c(i) = -2*i**3 - 9*i**2 + 47*i + 12. Determine c(-7).
-72
Let y(g) = -15*g + 823. Calculate y(52).
43
Let g(w) = -9*w - 329. Give g(-45).
76
Let w(j) = 23*j - 52. Calculate w(5).
63
Let s(p) = -p**3 - 24*p**2 + 201*p + 4844. What is s(-24)?
20
Let l(a) = -13*a**2 - 1557*a + 362. What is l(-120)?
2
Let u(z) = 89*z + 281. Determine u(-3).
14
Let t(u) = -2*u**3 - 29*u**2 + 22*u + 28. Calculate t(-15).
-77
Let u(p) = p**2 - 8*p + 153. Calculate u(6).
141
Let j(n) = 15*n - 375. What is j(27)?
30
Let y(j) = -14*j**2 - 340*j - 409. Calculate y(-23).
5
Let c(j) = -287*j + 28404. Give c(99).
-9
Let y(d) = -5*d**2 - 731*d + 3646. What is y(5)?
-134
Let t(w) = -8206*w - 41043. Calculate t(-5).
-13
Let c(y) = 96*y - 1815. What is c(19)?
9
Let u(m) = m**2 - 369*m + 11982. What is u(36)?
-6
Let l(y) = -3*y**3 + 15*y**2 - 48*y. Calculate l(3).
-90
Let v(w) = w**3 + 7*w**2 - 15*w - 14. Calculate v(-7).
91
Let f(s) = -3*s**2 + 4*s - 44. What is f(-9)?
-323
Let o(n) = 61*n**2 - 15*n - 4. What is o(-1)?
72
Let o(d) = 20*d - 1348. Calculate o(67).
-8
Let p(o) = 125*o**3 - 2*o**2 + 6*o + 9. What is p(-1)?
-124
Let z(v) = -v**3 + 8*v**2 + 52*v + 18. Give z(12).
66
Let m(j) = j**2 - 135*j + 4329. Calculate m(83).
13
Let r(l) = l**2 - 171*l + 6561. Give r(113).
7
Let v(k) = -214*k - 7762. What is v(-36)?
-58
Let r(i) = 210*i**3 - i**2 + 2. Calculate r(1).
211
Let a(o) = 28*o**3 - 2*o**2 + 3*o - 1. What is a(1)?
28
Let g(m) = -7049*m - 35254. Give g(-5).
-9
Let s(h) = -2*h**3 + 237*h**2 + 123*h - 448. Calculate s(119).
28
Let d(l) = -2*l**3 - 7*l**2 + 